{"id":372,"date":"2022-09-09T15:49:53","date_gmt":"2022-09-09T15:49:53","guid":{"rendered":"https:\/\/tainsaobrasyservicios.es\/?page_id=372"},"modified":"2022-09-09T15:49:54","modified_gmt":"2022-09-09T15:49:54","slug":"calle-alcala","status":"publish","type":"page","link":"https:\/\/tainsaobrasyservicios.es\/index.php\/calle-alcala\/","title":{"rendered":"Calle Alcal\u00e1"},"content":{"rendered":"\n<p>Construcci\u00f3n de vivienda de 130 m2, dos locales comerciales que dan a distintas calles, ambos de 115 m2, y s\u00f3tano garaje para 5 plazas de veh\u00edculos en Paterna de Rivera (C\u00e1diz)<\/p>\n","protected":false},"excerpt":{"rendered":"<p>Construcci\u00f3n de vivienda de 130 m2, dos locales comerciales que dan a distintas calles, ambos de 115 m2, y s\u00f3tano garaje para 5 plazas de veh\u00edculos<span class=\"excerpt-hellip\"> [\u2026]<\/span><\/p>\n","protected":false},"author":2,"featured_media":0,"parent":0,"menu_order":0,"comment_status":"closed","ping_status":"closed","template":"","meta":{"footnotes":""},"class_list":["post-372","page","type-page","status-publish","hentry"],"_links":{"self":[{"href":"https:\/\/tainsaobrasyservicios.es\/index.php\/wp-json\/wp\/v2\/pages\/372","targetHints":{"allow":["GET"]}}],"collection":[{"href":"https:\/\/tainsaobrasyservicios.es\/index.php\/wp-json\/wp\/v2\/pages"}],"about":[{"href":"https:\/\/tainsaobrasyservicios.es\/index.php\/wp-json\/wp\/v2\/types\/page"}],"author":[{"embeddable":true,"href":"https:\/\/tainsaobrasyservicios.es\/index.php\/wp-json\/wp\/v2\/users\/2"}],"replies":[{"embeddable":true,"href":"https:\/\/tainsaobrasyservicios.es\/index.php\/wp-json\/wp\/v2\/comments?post=372"}],"version-history":[{"count":1,"href":"https:\/\/tainsaobrasyservicios.es\/index.php\/wp-json\/wp\/v2\/pages\/372\/revisions"}],"predecessor-version":[{"id":376,"href":"https:\/\/tainsaobrasyservicios.es\/index.php\/wp-json\/wp\/v2\/pages\/372\/revisions\/376"}],"wp:attachment":[{"href":"https:\/\/tainsaobrasyservicios.es\/index.php\/wp-json\/wp\/v2\/media?parent=372"}],"curies":[{"name":"wp","href":"https:\/\/api.w.org\/{rel}","templated":true}]}}